{"id":220,"date":"2015-10-21T00:33:33","date_gmt":"2015-10-21T04:33:33","guid":{"rendered":"http:\/\/gabrielobedcastro.org\/site\/tienda\/?post_type=product&#038;p=220"},"modified":"2018-05-08T20:54:15","modified_gmt":"2018-05-09T00:54:15","slug":"piedras-vivas-dvd","status":"publish","type":"product","link":"https:\/\/gabrielcastro.org\/index.php\/en\/product\/piedras-vivas-dvd\/","title":{"rendered":"Piedras Vivas &#8211; DVD"},"content":{"rendered":"<p><i>&#8220;Piedras Vivas&#8221;<\/i> fue una palabra que desafi\u00f3 la juventud de nuestra generaci\u00f3n. En <i>\u201cPiedras Vivas\u201d<\/i> Gabriel Castro nos reta a ser lo que 1 Pedro 2:5 declar\u00f3 que fu\u00e9ramos y nos ayuda a comprender lo que significa ser \u201cPiedras Vivas.\u201d Si deseas conocer m\u00e1s sobre tu poderosa identidad en Dios y est\u00e1s buscando impactar a tu ciudad, comunidad, o meramente cumplir tu misi\u00f3n aqu\u00ed en la tierra, necesitas o\u00edr este serm\u00f3n!!!!<\/p>\n","protected":false},"excerpt":{"rendered":"<p><span style=\"color: #ff0000;\">Please allow 2-4 weeks for the delivery of your order.<\/span><\/p>\n","protected":false},"featured_media":266,"comment_status":"closed","ping_status":"closed","template":"","meta":[],"product_brand":[],"product_cat":[81],"product_tag":[],"class_list":{"0":"post-220","1":"product","2":"type-product","3":"status-publish","4":"has-post-thumbnail","6":"product_cat-dvd-en","8":"first","9":"instock","10":"shipping-taxable","11":"purchasable","12":"product-type-simple","13":"czr-hentry"},"_links":{"self":[{"href":"https:\/\/gabrielcastro.org\/index.php\/wp-json\/wp\/v2\/product\/220","targetHints":{"allow":["GET"]}}],"collection":[{"href":"https:\/\/gabrielcastro.org\/index.php\/wp-json\/wp\/v2\/product"}],"about":[{"href":"https:\/\/gabrielcastro.org\/index.php\/wp-json\/wp\/v2\/types\/product"}],"replies":[{"embeddable":true,"href":"https:\/\/gabrielcastro.org\/index.php\/wp-json\/wp\/v2\/comments?post=220"}],"wp:featuredmedia":[{"embeddable":true,"href":"https:\/\/gabrielcastro.org\/index.php\/wp-json\/wp\/v2\/media\/266"}],"wp:attachment":[{"href":"https:\/\/gabrielcastro.org\/index.php\/wp-json\/wp\/v2\/media?parent=220"}],"wp:term":[{"taxonomy":"product_brand","embeddable":true,"href":"https:\/\/gabrielcastro.org\/index.php\/wp-json\/wp\/v2\/product_brand?post=220"},{"taxonomy":"product_cat","embeddable":true,"href":"https:\/\/gabrielcastro.org\/index.php\/wp-json\/wp\/v2\/product_cat?post=220"},{"taxonomy":"product_tag","embeddable":true,"href":"https:\/\/gabrielcastro.org\/index.php\/wp-json\/wp\/v2\/product_tag?post=220"}],"curies":[{"name":"wp","href":"https:\/\/api.w.org\/{rel}","templated":true}]}}